it of o(z)?
4
Let b(l) be the first derivative of -l**3/3 + 35*l**2/2 - 67*l - 1. Suppose -2*f + 3*j = -52, -20 = -f + 2*j + 5. What is the tens digit of b(f)?
0
Suppose 0*n = -x - 2*n + 3, 4*n + 9 = x. Suppose x*u - 945 - 561 = 3*a, -2*u = 3*a - 594. What is the tens digit of u?
0
What is the tens digit of 184602/14 - 56/196*(0 + 3)?
8
Let u(n) = 2650*n + 7679. What is the tens digit of u(8)?
7
What is the hundreds digit of 0/(-2) + 0 + 20 + 1921?
9
Let l(a) = 11*a - 31. Let j be l(3). What is the hundreds digit of ((-21758)/215)/(((-2)/j)/5)?
5
Let v(s) be the third derivative of 7*s**5/15 + 2*s**4/3 + s**3/6 + s**2 + 2. What is the tens digit of v(-7)?
6
Suppose -w = c - 2343, 0 = 5*c - w - 9997 - 1718. What is the units digit of c?
3
Let h(g) = -1034*g - 432. What is the hundreds digit of h(-7)?
8
Suppose -3*t = -2*k - 1 - 12, 18 = 4*t - 3*k. Let o be 3 + (-3 - (-4 + t)). Let c(h) = 81*h. What is the units digit of c(o)?
1
Let x(n) = -n**3 - 10*n**2 - 8*n + 3. Let q = 19 + -41. Let c = 12 + q. What is the tens digit of x(c)?
8
What is the hundreds digit of (-9 - 57/19) + 11425?
4
Let n = -14799 + 21014. What is the units digit of n?
5
Suppose 0 = 2*k - 5*x - 64962, -2*k - 3*x + 60130 = -4784. What is the ten thousands digit of k?
3
Let x = 920 + -429. Suppose 3*y + x = 1703. Suppose -y*h = -409*h + 1040. What is the tens digit of h?
0
Let y = 69 - 65. Suppose 3*q + y*f = 68, 5*q - 25 - 91 = -4*f. Suppose 0 = q*z - 22*z - 222. What is the units digit of z?
1
Let u(b) = b**2 - 7*b - 44. Let a be u(11). Let q(i) = -7*i + 515. What is the units digit of q(a)?
5
Let s = -1611 - -4670. What is the thousands digit of 6/9*(s/2 + -1)?
1
Suppose -8*q + 9*q = 3*s - 38, 3*q = -15. Suppose d - 4*o + 14 = 0, -s = 4*d - 3*o + 2*o. What is the units digit of (117/(-36))/(d/8)?
3
Let r = -19780 - -52692. What is the ten thousands digit of r?
3
Suppose t - 100091 = -125*t + 620629. What is the units digit of t?
0
Let y be (4/18)/((-10)/(-90)). Suppose -y*h - j - 2*j + 782 = 0, -2*h - 4*j + 786 = 0. What is the units digit of h?
5
Let q(s) = -9*s**3 - 18*s**2 + 10*s - 11. Let c be q(7). What is the units digit of 66/(-99) - c/6?
1
What is the tens digit of 22/77*(-210)/(-72)*34134?
4
Let p = 10815 + -4689. What is the units digit of p?
6
Let q = 1680 + 934. What is the tens digit of q?
1
Let u(k) = 3*k**2 - 8*k - 30. Let z(s) = 3*s - 17 + 5 + 2*s - 2*s. Let m be z(7). What is the units digit of u(m)?
1
Let k(l) = -3*l**2 + 22*l - 7. Let i be k(7). Suppose z - 3*f = 387, z + 5*f - 379 = -i*z. What is the units digit of z?
4
Suppose 10*z = -4*z + 26530. Suppose 0 = -14*t + z - 201. What is the tens digit of t?
2
Suppose -13*y + 587 = -232. What is the tens digit of ((-1422)/(-21))/(9/y)?
7
Suppose -1365510 = -826*n + 711*n. What is the ten thousands digit of n?
1
Suppose 0 = u + 4*u, 4*i - 80 = -2*u. Suppose r - 110 + 42 = -2*q, -3*r = -q + i. What is the tens digit of q?
3
Let o(v) = -8*v**3 + 24*v + 172. Let u(z) = 3*z**3 - 9*z - 57. Let c(l) = 4*o(l) + 11*u(l). What is the units digit of c(0)?
1
Suppose -5*h + 0*d - 2*d - 144 = 0, 63 = -2*h + d. Let n = h + 25. What is the units digit of (78*n/8)/((-1)/4)?
5
Let i = 767 + -265. Suppose -2*d - i = -2*w - 0*w, -4*w + 5*d + 1000 = 0. What is the tens digit of w?
5
Let x(n) = n + 11. Let d be x(-8). Suppose -d*y = 2*v + 3 + 2, 4*v + 2*y - 10 = 0. What is the tens digit of -2*1/v + (-1464)/(-10)?
4
Let b = 166 + -104. Suppose 3*m = -4*l - b, -l = 5*m - 90 + 216. Let g = m - -52. What is the tens digit of g?
2
Let q = 72639 + -40274. What is the units digit of q?
5
What is the ten thousands digit of 117 - 126 - -1661*8?
1
Suppose 4*j + 987403 = -14*j + 59*j. What is the tens digit of j?
8
Let o = -8857 - -15524. What is the hundreds digit of o?
6
What is the ten thousands digit of (-18)/4*590873/201*-2?
2
Let a = 6164 - 541. Suppose -93*s = -90*s + 4*l - a, -l = 2*s - 3742. What is the thousands digit of s?
1
Let p(b) = 3709*b - 417. What is the units digit of p(2)?
1
Suppose -6*m + 954952 = 152*m. What is the tens digit of m?
4
Suppose -2*m = 55 - 65. Let s(i) = 27 - m - 6 - 37*i - 10 - 2*i**2. What is the units digit of s(-16)?
6
Let u = 0 + 0. Suppose 2*z + 0*z = u. Suppose 4*q = -0*x - 2*x + 140, z = -q - x + 34. What is the units digit of q?
6
Suppose 10*u - 941 = 319. Suppose 10*g - u = -8*g. What is the units digit of g?
7
Let l(j) = -3*j**2 - 19*j - 6. Let b be l(-6). Suppose -3*m + 5*p - 3*p + 1033 = 0, 3*m + 5*p - 998 = b. What is the tens digit of m?
4
Let n = 52 + -35. Suppose 202 = 5*o + n. Suppose -3*v + 8*v = -5*t + 205, -5*v + o = t. What is the tens digit of t?
4
Suppose -91 = k + 3*q, 0 = -2*q - 2 - 4. Let t = k - -88. What is the tens digit of t/(-54) + 1262/18?
7
Suppose -7*b + 904 = r - 3*b, 5*r - 2*b - 4608 = 0. Suppose -2*i - 5*d + r = 0, -460 = -i - 29*d + 33*d. What is the tens digit of i?
6
Suppose -363*j - 104*j = -80*j - 3427659. What is the thousands digit of j?
8
Let s = -119 + 121. Suppose r + 636 = 2*z, 3*z - 420 = 3*r + 531. What is the hundreds digit of (-1)/s*(4 - z - -5)?
1
Let y be ((-85)/25 - -5)/(4/5830). Suppose -3*a - 1171 = -2*c, -4*c = -0*c - 4*a - y. What is the tens digit of c?
7
What is the units digit of (-210)/45*6/7 - -32200?
6
Let b = 3 - 1. Suppose -292 = 2*a - 5*a - 2*t, -5*a - b*t = -488. Suppose 2*r = 4*z + 98, -5*z = -r - r + a. What is the units digit of r?
9
Let q(g) = -771*g - 1003. What is the hundreds digit of q(-11)?
4
Suppose -111 - 739 = r. Let i = r - -1318. What is the tens digit of ((-2)/(-3))/(13/i)?
2
Suppose -2 = 6*a - 44. Suppose a*u = 4235 - 546. What is the hundreds digit of u?
5
Suppose -3*t - w + 43019 = 0, -3*t + 3*w = -2*t - 14333. Suppose 49*p = 62*p - t. What is the tens digit of p?
0
Suppose 1710 = 3*k - 3*j, -3*k + 1094 = 3*j - 592. What is the hundreds digit of k?
5
Suppose p = -5*a + 118022, -3*p = 4*a - 63959 - 30452. What is the tens digit of a?
0
Let y(v) = -v**3 - 3*v**2 - 2*v + 371. Let r = -146 + 146. What is the hundreds digit of y(r)?
3
Let g(m) = -m**3 + 10*m**2 - m + 13. Let x = -40 + 50. Let i be g(x). Let y(b) = 3*b**3 - 4*b**2 + 5*b + 4. What is the units digit of y(i)?
4
Let w(h) = -19*h + 67. Let k be w(4). Let s(v) = -7*v - 54. What is the units digit of s(k)?
9
Let u be 6 + 0 - (-8 - 642). Let i = -166 + u. What is the tens digit of i?
9
What is the tens digit of 3/(1/((20769 - -4)/1))?
1
Suppose -154864 = -40*k - 42504. What is the tens digit of k?
0
What is the thousands digit of (624/44)/(32/100496)?
4
Let l = 38355 - 23424. What is the thousands digit of l?
4
Suppose 3*q + 26 = -2*o - q, 2*o = 4*q + 6. Let p = o - -126. What is the units digit of p?
1
Suppose -241*i + 245*i = 4*n - 35000, 3*i = -n + 8770. What is the hundreds digit of n?
7
Let h(f) = -6*f**2 - 15*f - 47. Let q(d) = -18*d**2 - 45*d - 141. Let o(s) = 17*h(s) - 6*q(s). What is the hundreds digit of o(-5)?
1
Suppose 0 = -2*n + 5*c + 48 - 171, -233 = 4*n + 3*c. Let w = n + 74. Suppose 7*z = -3*r + 4*z + 492, -5*z + w = 0. What is the units digit of r?
1
Let l(c) = -632*c + 692. What is the units digit of l(-11)?
4
Suppose -6*b + b = -25. Suppose -2*u + b*w = -41, 4*u - 4*w = -0*w + 52. Suppose -315 = -13*f + u*f. What is the tens digit of f?
6
Let o = -49 - -408. Suppose -l + 743 = -4*d, -2*l - 2*d = o - 1875. What is the tens digit of l?
5
What is the hundreds digit of 242*(12/(-102) - 1115/(-85))?
1
Let h(i) = 245*i**3 - 6*i**2 + 4*i + 47. What is the thousands digit of h(4)?
5
Let z(m) = 2*m**2 - 11*m - 3. Let w be z(6). Let b be w - (1 + 3 + -3). Suppose 5*j - b*s + 3*s - 45 = 0, -j = s - 9. What is the units digit of j?
9
Let h = -20868 - -23576. What is the hundreds digit of h?
7
Let f be 1 + 4 - (6 - 29). Suppose -12863 = -f*h + 9201. What is the units digit of h?
8
What is the hundreds digit of (38036/(-22))/(2/(-22))?
0
Let y(o) = -o**2 - 20*o + 127. Let l be y(5). What is the units digit of ((-1)/2)/(3/(-693*l))?
1
Let q(h) = -h**2 - 75*h - 415. What is the hundreds digit of q(-24)?
8
Let r = 835 - 494. Suppose c - r = 5*d, -1255 = -4*c - 3*d + 17. What is the units digit of c?
1
Suppose -5*v = 5*j - 780, 4*v + 0*v - 600 = 4*j. Suppose -2*k + 3*i = -717 + 135, 0 = 2*k - 5*i - 590. Let a = k - v. What is the hundreds digit of a?
1
Let d